t of 2/g - (-47)/9?
5
Let j(a) = -a**3 - 2*a**2 - 21*a + 11. What is the hundreds digit of j(-9)?
7
Let s = -192 - -215. What is the tens digit of s?
2
Let v(d) = 177*d - 97*d - 90*d - 7. Suppose -1 + 10 = -3*m. What is the tens digit of v(m)?
2
Suppose -5*j = -3*r - j + 417, -5*r + 4*j = -703. Let p = r - 141. What is the units digit of p?
2
Let d = -60 + 88. Suppose -10*n = -12*n + d. What is the units digit of n?
4
Suppose -11543 = -17*w + 6970. What is the tens digit of w?
8
Suppose 4*r - 13 = 5*u, 0 = -2*u - 2. Let l be 0 + (-2)/5*-10. Suppose 0 = r*b - m - 9, 0 = l*b + 2*m - 36 - 2. What is the units digit of b?
7
Let f = 3046 + 322. What is the units digit of f?
8
Let g = 11 + -21. Let t(b) = 6*b + 23. Let l be t(g). Let i = l + 61. What is the tens digit of i?
2
Suppose 74 + 15 = d. Suppose 57 = 2*x - b - d, 4*x - 320 = -5*b. What is the units digit of x?
5
Let v be 1 + 1 - 30/(-6). Let r(a) = a - 4. Let o be r(v). Suppose 4 = -z + o*z. What is the units digit of z?
2
Suppose 0 = 52*c - 47*c - 3190. What is the hundreds digit of c?
6
Let o be (3 - -2)/(1/12). Suppose 2*r + 24 = -2*j + j, -5*j = -5*r + o. Let b = j + 27. What is the units digit of b?
1
Let u(j) = 9*j**2 + 2*j + 1. Let o = 2 - 6. Let a be u(o). Let w = a + -98. What is the units digit of w?
9
Let j(g) be the third derivative of g**5/30 + 43*g**4/24 - 7*g**3/6 - 16*g**2. What is the hundreds digit of j(-26)?
2
Let n(f) = -f**2 - 13*f + 2821. What is the tens digit of n(0)?
2
Let r(v) = 5*v**2 + 8*v. What is the units digit of r(-8)?
6
Let o(c) = -c**2 - 22*c - 32. Let a be o(-20). Suppose a*z = 4*z + 192. What is the units digit of z?
8
Let a(o) = -o**3 + 8*o**2 + 8*o - 5. Let l be -3 - (-4)/4*11. What is the tens digit of a(l)?
5
Let f(r) = r**3 - 6*r**2 + 5*r. Let d be f(5). Suppose d = 6*c - 10*c + 96. What is the tens digit of c?
2
Suppose -4*c = -12, 0*v - 428 = -4*v - 4*c. What is the units digit of v?
4
Let k = 10894 + -7505. What is the tens digit of k?
8
Suppose -6*o + 11 = -7. Suppose 0 = o*p + p - 256. Suppose 3*z = -0*z - 5*f + 97, -2*z - 4*f = -p. What is the tens digit of z?
3
Let l(a) be the first derivative of 11*a**2 - 7*a - 8. What is the units digit of l(3)?
9
Suppose 2*n = 46 - 8. Suppose g - 3*a - n = -0*a, -2*a = 4*g - 20. Suppose 3*r = 28 - g. What is the units digit of r?
7
What is the units digit of (204 + -215)*-281*1?
1
Suppose 5*i + 65 = -4*s, 0*s = -2*s + i - 43. Let o = 52 + s. What is the units digit of o?
2
Let s(q) = 10*q**3 + 5*q**2 + 6*q + 64. What is the units digit of s(6)?
0
What is the units digit of 427465/642 - (2 + 13/(-6))?
6
Let h(x) = 3*x + 1. Let s be h(-5). Let a = -5 - s. Let j = 25 + a. What is the tens digit of j?
3
Let p = 848 + -456. What is the hundreds digit of p?
3
Suppose 3*w - 8 = -i + 3, 5*i + 5*w - 35 = 0. Suppose -i*n + 4*n + 1 = 0. Suppose -1 = -u - 2*l + n, 0 = -3*u + 2*l + 46. What is the tens digit of u?
1
Let l = -1692 + 3329. What is the tens digit of l?
3
Suppose 9*f - 700 = 2*f. What is the tens digit of 6*(f/8 - -2)?
8
Suppose 0 = 19802*c - 19810*c + 19168. What is the hundreds digit of c?
3
Let s = -37 + 40. Suppose s*x = -3*q + 465, -4*q - 10*x = -7*x - 616. What is the tens digit of q?
5
Suppose -8*o - 16 = 24. What is the tens digit of (-2 - o) + -1 + 89 + 1?
9
Let z(p) = 3 - 1 - 21*p + 2. Let j be z(-3). Suppose 0 = 2*g - 53 - j. What is the units digit of g?
0
What is the tens digit of 511 - 1 - ((-12)/(-3) - 8)?
1
Suppose 1751 + 4 = 9*y. What is the hundreds digit of y?
1
Let x(y) = -5*y**2 + 14*y - 1. Let k(p) = 14*p**2 - 43*p + 4. Let v(o) = -4*k(o) - 11*x(o). What is the units digit of v(10)?
5
What is the units digit of (-10)/2 - 14847/(-49)?
8
Suppose -12*m - 84 = 24. Let l(k) = k**2 + 11*k + 37. What is the units digit of l(m)?
9
Suppose 2*i = -4*z + 38, 3*z - 3*i - 17 - 34 = 0. Suppose 480 = z*c - 7*c. Suppose -4*r = -2*m - c, m = -2*r - 3*r + 113. What is the tens digit of r?
2
Let f(r) = -r**2 + 6*r. Let y be f(5). Let k = y - 3. Let z(t) = 5*t**3 + t**2 - 4*t + 5. What is the units digit of z(k)?
1
Let w = -1 + 1. Suppose 3*o + 4*o - 259 = w. What is the units digit of o?
7
Let x(j) = -j**3 - 9*j**2 + 6*j + 3. Let m be x(-10). Let g = 91 - m. What is the units digit of g?
8
Let j be (-4)/6 - 2/6. Let a be (j/3)/(5/285). Let x = -5 - a. What is the units digit of x?
4
Suppose -12*i + 470 = -17*i. Let h = 162 - i. What is the units digit of h?
6
Let b be 858/27 - (-2)/9. Suppose 4*w + 12 = b. Suppose 2*i + 27 = w*x - 34, 2 = i. What is the units digit of x?
3
Suppose 2*u - 3*k - 366 = -6*k, -374 = -2*u + k. What is the units digit of u?
6
Let q(p) = -3*p - 16. Let o be q(-7). Suppose -5*r + 432 = 2*a, 2*r + o*a - 91 = r. What is the tens digit of r?
8
Let d(q) = 2*q**3 + q**2 - q + 4. Let a be d(0). Suppose 12*l - a*l - 696 = 0. What is the tens digit of l?
8
Suppose -j + 4*z = -270, -867 = -5*j + 4*z + 451. Let i = j - 146. What is the tens digit of i?
1
Suppose j - 14 = v, v = 6*v - 4*j + 67. Let a = -9 - v. Suppose a*h - 5*z - 60 = 0, 20 = -4*h + z + 104. What is the units digit of h?
0
Let j = -2221 + 3329. What is the tens digit of j?
0
Let d(t) = t**3 + 8*t**2 - 6*t + 4. Let o be d(-8). Let c = 145 - o. What is the tens digit of c?
9
Let o be (2/(-10))/(15/(-150)). What is the tens digit of (-1)/((-205)/(-105) - o)?
2
Let k(w) = w**3 + 19*w**2 - w + 39. What is the tens digit of k(-18)?
8
Let q be 18/(-30)*-5*(1 - 0). Suppose 0 = l - q*l + 4*g + 262, 3*g + 261 = 2*l. What is the units digit of l?
9
Let b(d) = d - 4. Let v be b(6). Suppose -3*c + 4*l - 20 = 0, -4*c - 68 = c + v*l. Let o = c + 53. What is the units digit of o?
1
Let q(n) = -n**3 - 10*n**2 - n - 4. Let f be q(-10). Suppose 0 = -w - 2*w + f. Suppose 3*g = -g - m + 40, w*m + 41 = 3*g. What is the tens digit of g?
1
Let t(r) = -r**3 + 10*r**2 - 5*r - 10. Let i be t(6). Suppose 0 = -4*w + i + 164. What is the tens digit of w?
6
Let m be 4*(-2 + 6 + -3). Let n(b) = b**2 + 2*b + 5. What is the tens digit of n(m)?
2
Let u = -292 - -2691. What is the hundreds digit of u?
3
Suppose y + p + 0*p = 1, p - 7 = y. Let w be (-3 - 10/y)*93. Let l = -14 + w. What is the tens digit of l?
1
Suppose -3*j + 12*j + 1134 = 0. Suppose 0 = 4*z + 26 - 2. What is the tens digit of (z/7)/(3/j)?
3
Let q(n) = n. Let k be q(3). Let t(f) = f**2 + 3*f + 4*f**2 - k*f**2 + 1. What is the tens digit of t(-3)?
1
Suppose -4*j = -r - j + 435, 5*r - 2175 = -j. What is the units digit of r?
5
Let d(t) = -5*t + 25. Let z be ((-9)/(-2))/((-6)/12). What is the tens digit of d(z)?
7
Suppose 2*y = -c - 279 + 7335, -5*c + 17630 = 5*y. What is the units digit of y?
0
Let i(b) be the first derivative of -b**4/4 - 3*b**3 + b - 6. Let q be i(-9). What is the units digit of (4 + -9)*(q - 2)?
5
Let p(m) = 2*m**2. Suppose 0 = 2*f + q - 4*q + 2, 2*q = -3*f - 3. Let j be -8 - -6 - 1/f. What is the units digit of p(j)?
2
What is the hundreds digit of 442/68*252/1?
6
Let l(d) = 2*d**3 - 5*d**2 - 5*d + 4. Let c be l(3). What is the units digit of 98 + (-2 - 1 - c) + 0?
7
Let t = 5 - -1. Let x(k) = 7*k**2 + 10 + 7*k - 6*k**2 + t + 6*k. What is the tens digit of x(-15)?
4
Suppose -f + 3*f - 24 = 0. Let d = 31 - f. What is the units digit of d?
9
Let w = 19 + 353. Let n = w + -245. What is the hundreds digit of n?
1
Let t = 109 - 109. Let v(n) = 3*n - 4*n + n**3 + 11 + 14. What is the tens digit of v(t)?
2
Let f(a) = 6*a + 8. Let u(d) = 7*d + 7. Let b(x) = -5*f(x) + 4*u(x). Let y be b(-10). Suppose 0*q = 2*s + 2*q - y, -4*s = -q - 11. What is the units digit of s?
3
Suppose 4*v + 12 = 0, 3454 = -7*i + 9*i + 2*v. What is the units digit of i?
0
Let p be 1 - 20/35 - (-54)/21. Suppose 3*q - 5*b - 56 = 0, 49 = q + p*b + 7. What is the units digit of q?
7
Suppose 5*b - 4*b = 24. What is the units digit of (-1 - -4)*496/b?
2
Suppose -2*i - 4 = 5*q, 0 = -3*i - 4 - 2. Let d be (2 - q/(-1)) + 1. Suppose d*k - 10 - 2 = 0. What is the units digit of k?
4
Suppose 550 = 8*y - 250. What is the hundreds digit of y?
1
Let o(u) be the third derivative of u**5/60 - u**4/24 + 5*u**3/6 - u**2. Let m be o(0). Suppose -c = -m*c + 32. What is the units digit of c?
8
Let a(k) = 2*k**2 - 60*k - 24. What is the tens digit of a(38)?
8
Let t(h) = 4*h + 7. Suppose 0 = -3*z - z - 40. Let r be (-5)/(-10)*z